). Let a = p - -195. What is the tens digit of a?
6
Suppose -4*f = -h - 47575, -213*h = -211*h - 10. What is the units digit of f?
5
Suppose 165*b - 154*b = 171556. What is the thousands digit of b?
5
Let c(a) = -304*a + 75. What is the units digit of c(-20)?
5
Let h(k) be the third derivative of k**4/6 + 13*k**3/3 - 14*k**2. Let d be h(-5). Suppose 164 + 22 = d*t. What is the tens digit of t?
3
Let d(p) = 19*p**2 + 25. Let c be d(3). Suppose 4*h = -s + 431, s - 5*h + c = 627. What is the hundreds digit of s?
4
Let v be 3 + (-4 - -5) - 10. Let x(y) = 2*y**3 + 11*y**2 - 2*y + 3. Let i be x(v). Let b = i + 81. What is the units digit of b?
0
Let q = -68 + 70. Suppose -q*j = -4*n - 76, -3*j + 2*n - n = -99. Suppose 248 = 4*x - 2*z, x - 33 - j = -z. What is the units digit of x?
3
Let y(m) = 283*m - 430. What is the tens digit of y(20)?
3
Let p(m) = 2*m**3 - m**2 + 316*m - 136. What is the thousands digit of p(21)?
4
Let p(d) = -3*d - 3*d - 19*d + 3*d + 10. Let s be p(-9). Let f = -96 + s. What is the units digit of f?
2
Let t(m) = -15*m**2 + 7*m**2 + 3*m**2 - 1 - 8*m - 544*m**3 - 2. What is the tens digit of t(-1)?
4
Suppose 2*r = -2*l + 14, 2*r + l + 2 = 3*l. Suppose -3*g = r*g - 18. Suppose 0 = 2*m + g*m - 30. What is the units digit of m?
6
Suppose 0*f + a = -4*f + 167680, 2*f - 2*a = 83850. What is the units digit of f?
1
What is the units digit of (-740)/555 - (-204465)/9?
7
Suppose -n + 4*c - 5 = -14, -4*n + 10 = -3*c. Let h be 4/n - (-22 + 5). Suppose -25*m = -h*m - 236. What is the units digit of m?
9
Let f be (-6)/(-4) + ((-66)/12 - 3). Let d(v) = -v**3 + v**2 + 13*v + 21. What is the hundreds digit of d(f)?
3
Suppose -8*p + 4*c = -9*p + 10, -2*c + 40 = 3*p. Suppose -f - 2*j + 51 = 3*j, 4*f - 2*j - 270 = 0. Let n = f - p. What is the units digit of n?
2
Suppose -5*f = -3*y - 92, -2*f = y - 4*f + 30. Let p = -27 - y. What is the units digit of p*(4/(-10) - 104/(-35))?
8
Let q(d) = 2217*d**2 - 148*d - 298. What is the hundreds digit of q(-2)?
8
Suppose 5*z = -0*z - 5*p + 5, -13 = 3*z - p. Let v be (z - 84/(-20))*(-15)/(-2). Suppose -v*n + 5*n = -304. What is the tens digit of n?
7
Let s be (-87)/(-2 + (-2)/(-4)). Let a = -319 - -322. Suppose -5*y + 5*v + 330 = 0, -v + s = -a*y + 4*y. What is the units digit of y?
2
Suppose 36*i = 27*i + 61146. What is the units digit of i?
4
Suppose 29150 = 29*z - 54196. What is the tens digit of z?
7
Suppose h - 28 - 4 = 0. Let u = h + -32. Suppose 4*p + 3*q - 590 - 230 = 0, u = q - 4. What is the tens digit of p?
0
Let n(u) = 8484*u**2 - 91*u - 92. What is the units digit of n(-1)?
3
Suppose -311*x = -63*x + 238307 - 687187. What is the units digit of x?
0
Let c = 14851 - 8857. What is the thousands digit of c?
5
Suppose -2180 = 6*k + 460. Let d = k + 624. Let w = d - 64. What is the hundreds digit of w?
1
Suppose -1180973 = -78*l + 2404687. What is the thousands digit of l?
5
Let u = 875 - 3283. Let v = u - -3484. What is the thousands digit of v?
1
Suppose -k = 4*u - 91, 2*k + 22 = u + 3*k. Suppose 0 = u*s - 4116 - 8672. What is the tens digit of s?
5
Suppose 64 = -8*o + 808. Suppose -5*j - 155 - 82 = 4*u, 0 = 3*u + 5*j + 184. Let i = u + o. What is the tens digit of i?
4
Let n(t) = 1600*t**3 + t**2 - 10*t + 27. What is the units digit of n(2)?
1
Let h(u) = 14*u**2 - 7*u + 13. Let w be h(3). Suppose -4*n = n + 2*k - w, 100 = 4*n + 3*k. Suppose 24*p - n*p = 260. What is the units digit of p?
0
Suppose 15 = m + 3*m + 5*n, 0 = m + 5*n. Let x be 1*(-3)/(-9)*132. What is the hundreds digit of (m - x/8)*-206?
1
Let y = 9272 - 2655. What is the hundreds digit of y?
6
Let a(n) = -34*n + 7. Let t be a(-5). Let u = -239 - -502. Let v = u - t. What is the units digit of v?
6
Let x = -72 - -72. Suppose x = -z + 4*n + 165, 2*z = -0*z + 4*n + 318. What is the units digit of 142/9 + -1 - (-34)/z?
5
Let t(a) = -a**3 + 18*a**2 + 22*a + 9. Let x(l) = -l + 40. Suppose -5*u + 97 = -8. Let c be x(u). What is the tens digit of t(c)?
6
Let b be -3 - -2 - (-3 - -9). Let y(f) = -3*f**3 + 8*f**2 + 15*f + 47. What is the hundreds digit of y(b)?
3
Let i = 307 - -1315. What is the thousands digit of i?
1
Suppose -26*g + 21*g - 10 = 0, -4*o = 4*g - 4. Suppose 0*r - 2079 = -o*r. What is the hundreds digit of r?
6
What is the units digit of 0 - -3094 - 48/(-24 + 18)?
2
Let m(n) = -7*n + 7. Let f be m(-4). Let y = f - -78. Let h = y + -65. What is the tens digit of h?
4
Suppose 3*a + 83 = 5*p, -p - 113 = 3*a - 0*a. Let j = a + 40. Suppose -j*s + 4*n + 128 = 0, 4*s = 3*n + 131 - 6. What is the units digit of s?
9
Let d = 2899 + -1764. Suppose -r + 590 = 2*g + r, 0 = 4*g - 5*r - d. What is the hundreds digit of g?
2
Suppose 17*n - 6*n = 31086. Suppose -n = -6*u - 708. What is the tens digit of u?
5
Let z be 4 + -6 - ((-2 - -2) + -318). Let c = z - -914. What is the hundreds digit of c?
2
Suppose -13*j + 1056 = 35*j. Suppose -j*p = -6*p - 20400. What is the units digit of p?
5
Suppose -23002 - 66142 = -8*s. What is the ten thousands digit of s?
1
Suppose -26 - 156 = -14*a. Let t be (1 - 1)/(4 - 2). Suppose 6*l - 227 - a = t. What is the units digit of l?
0
Let z(p) be the second derivative of p**4/4 - p**3/6 + p**2/2 + 32*p. Let l be z(1). Suppose -u + 4*j = -176, -u = u - l*j - 352. What is the tens digit of u?
7
Let h be 7/(-14) - (-1)/2. Suppose -5*c + p = -61, -c - 3*p - 2*p + 33 = h. What is the units digit of c/((-8)/(-12) - 25/42)?
2
Suppose -4 = 2*b, b + 30 = -2*o - 40. What is the units digit of 33*(-18)/(-27)*o/(-4)?
7
Let f be (-15)/(-6)*(3 + (-76)/20). Let b(n) = n - 1. Let a(r) = -68*r + 5. Let p(u) = a(u) - 3*b(u). What is the units digit of p(f)?
0
What is the thousands digit of (3 + -6)/(5 + 477304/(-95456))?
1
Suppose 0*l + 8*l = 23296. Suppose 155*u = 162*u - l. What is the units digit of u?
6
Suppose -11*p - p + 10452 = 0. Suppose -i + 515 = -2*b, -4*i = -2*b - 2961 + p. What is the hundreds digit of i?
5
What is the thousands digit of 1674/45*(-14)/(140/(-3950))?
4
Let n(l) = l**3 + 4*l**2 + 5*l + 2. Let w be n(4). Suppose -5*v + 2*t + 590 = 0, -190 - w = -3*v + 4*t. What is the tens digit of v?
2
Suppose -12*y + 1290484 = 10*y + 24890. What is the ten thousands digit of y?
5
Let o be (-15)/6*16/10. Let c(a) = 4*a**3 - 3*a**3 + 2*a**2 + 8*a - 2 + 7*a**2. What is the units digit of c(o)?
6
Suppose -21 = -7*u - 0*u. Let l be (34 + -2)*(5 - 3) - u. Suppose w + 0*y - l = y, -345 = -5*w - 3*y. What is the units digit of w?
6
Let q = 35143 + -18441. What is the units digit of q?
2
Suppose 6929 = -16*i + 369. Let p = -199 - i. What is the units digit of p?
1
Suppose -22*g - 12 = -25*g. Suppose 5*z - g*n = -5 + 65, 10 = -2*n. What is the units digit of z/(-24) - (-398)/6?
6
Suppose -7*t = -121 - 110. Let m be (1 + 2)*-1*(-2981)/t. Suppose 2*c + 2*x - m = x, -3*c = 3*x - 399. What is the hundreds digit of c?
1
Let q(g) = 5*g - 73. Let s be q(15). Suppose -s*r = f - 1125, -f = -5*r - 0*f + 2816. What is the tens digit of r?
6
Suppose 0 = 8*k + 3*k - 176. What is the units digit of 168/42 - (k/(-1) - 0)?
0
Let s(n) = 74*n**2 + 3*n - 3. Let j be s(1). Suppose -81*x = -j*x - 21. Suppose 0 = z - m - 265, -2*z + x*z - 277 = -5*m. What is the hundreds digit of z?
2
Suppose -5*s + 636 = -4*y, s + 4*s = 3*y + 637. Suppose -s*w + 129*w = 417. What is the units digit of w?
7
Let h be 3 - (-22 - (0 + 4 - 2)). Suppose -31*a + 688 = -h*a. What is the tens digit of a?
7
Suppose -a = -7*a + 3*u + 85188, -5*a = -2*u - 70988. What is the ten thousands digit of a?
1
Let g(b) = b**3 - 43*b**2 + 424*b + 75. What is the tens digit of g(33)?
7
Suppose 3*b - 4*u - 9467 = 0, 0 = 3*b + 2*u - 11993 + 2520. What is the thousands digit of b?
3
Suppose -2*j - 2620 = 3*j. Let c = 970 + j. What is the units digit of c?
6
Suppose -11*x + 68737 + 109430 = 0. What is the ten thousands digit of x?
1
Suppose 0 = -26*s - 50*s + 2978422 + 3024058. What is the ten thousands digit of s?
7
Let v = 4555 + -2025. Suppose -3*p + 1518 = -0*p - 5*x, 5*p - 4*x = v. Let u = 712 - p. What is the hundreds digit of u?
2
Suppose -26*w + 671 + 83 = 0. Suppose -3*i = -4*n - 1128, 2*i = 3*n + w + 724. What is the hundreds digit of i?
3
Let j(w) be the first derivative of 2*w**3/3 + 11*w**2 + 26*w + 166. What is the units digit of j(14)?
6
Suppose 2121749 = 2105*j - 2056*j. Wha